Suppose 0 = v - 5*b + 416, 3*v - 6*b + b = -1288. Let t = -303 - v. What are the prime factors of t?
7, 19
Suppose -37*s + 81606 = -8711. What are the prime factors of s?
2441
Let j(z) = -12*z - 11. Let s be j(-9). Let u = 163 - s. What are the prime factors of u?
2, 3, 11
Suppose -1856*x - 70567 = -1873*x. List the prime factors of x.
7, 593
Suppose -z = -262 - 111. List the prime factors of z.
373
Let b be (106/5)/(1/5). Suppose -2*i = -3*y + 115, -3*y = 4 + 5. Let s = b + i. What are the prime factors of s?
2, 11
Let p(d) = 2*d + 24. Let z = -27 - -40. Let g be p(z). List the prime factors of (-7 + 10)*g/6.
5
Let z = 11094 + -6456. What are the prime factors of z?
2, 3, 773
Suppose -4*n + 4 = 3*c - 0, 0 = 3*c - n + 1. Suppose -t - 7 + 37 = c. List the prime factors of t.
2, 3, 5
Let i = 352 + -202. Suppose -2*k + 5*k = i. What are the prime factors of k?
2, 5
Let k(m) be the third derivative of 13*m**7/1260 - m**6/720 + m**4/6 - 5*m**2. Let w(c) be the second derivative of k(c). What are the prime factors of w(-1)?
3
Let q(n) be the third derivative of -n**6/120 - n**5/20 + 7*n**4/24 + n**3/2 - 26*n**2. What are the prime factors of q(-7)?
2, 3, 5
Let z be 3*3/(-9)*1. Let l = 8 + z. Suppose 0 = -h - l + 23. What are the prime factors of h?
2
Let f = -11 + 15. Suppose 3*a + 4*x + 7 - 29 = 0, -f*x = 2*a - 16. What are the prime factors of a?
2, 3
Let r = 529 + -305. List the prime factors of r.
2, 7
Let q = 1349 + -395. What are the prime factors of q?
2, 3, 53
Suppose -1342 = -2*v + 2*l, 4*v - 3*v - 665 = -l. What are the prime factors of v?
2, 167
Suppose -m + 19 = -5*d, -m + 0*m + 3*d + 17 = 0. Suppose -m - 10 = -x. What are the prime factors of x?
2, 3
Suppose -6*a + 7*a = 688. List the prime factors of a.
2, 43
Suppose 5*w + 1 = 11. Suppose -b = -w*b + 31. Let d = 43 - b. List the prime factors of d.
2, 3
Suppose 3*i - 125 = -545. Let m = 204 + i. What are the prime factors of m?
2
Let j = -93 + 95. What are the prime factors of -2 + j + 156 + 4?
2, 5
Suppose 30786 = -4*a + 25*a. What are the prime factors of a?
2, 733
Suppose -1302 = 712*d - 715*d. What are the prime factors of d?
2, 7, 31
Let i(o) = o**2 + 21*o - 19. Let r be i(-22). Suppose 4*f - 535 = -r*w, -6*f + f + w + 683 = 0. List the prime factors of f.
2, 17
Let m(k) = -261*k**3 + k**2 - 3*k - 5. Let u(w) = -w**3 + w + 1. Let n(i) = -m(i) - 4*u(i). What are the prime factors of n(1)?
2, 3, 11
Suppose -3*v - 2*o - 11 = -4*v, -2*v - 2*o + 4 = 0. Suppose k = -v*a + 969, 6*k = k + 20. List the prime factors of a.
193
List the prime factors of (-9)/18*7028/(-2).
7, 251
Let v(u) = -9*u - 1. Let i be v(-1). Let j = 58 + -37. Let c = j - i. List the prime factors of c.
13
Let c be (4 - (-44)/(-20)) + (-1)/(-5). Suppose -5*f = -5*h + 425, c*h + f - 165 = -2*f. List the prime factors of h.
2, 3, 7
Let f(h) be the second derivative of h**5/20 + h**4/12 - h**3/3 + 167*h**2/2 + 32*h. List the prime factors of f(0).
167
Suppose -18 - 1 = -r. Suppose m = -0*m + r. What are the prime factors of m?
19
List the prime factors of (265324/(-339))/((-2)/6).
2, 587
Suppose -28 = 3*i + 5*l, -3*i - i - 3*l - 30 = 0. Let u be (i/4)/((-9)/12). Suppose -7*z + 155 = -u*z. List the prime factors of z.
31
What are the prime factors of 4/((-5)/(30/(-12))) + 693?
5, 139
What are the prime factors of -9 - -3 - (-113)/1?
107
Let l(z) = -z - 23. Let a = 7 + -18. Let v be l(a). Let p = 18 + v. List the prime factors of p.
2, 3
Let f be 2 + ((-4)/4)/(-1). Suppose -f*w + 5*q - 123 = -6*w, 3*q = 0. Let d = -12 + w. What are the prime factors of d?
29
Suppose h = -0*h + 882. Suppose -3*p = -h + 318. Suppose w - 137 = -3*s, 4*s + 4*w = 8*w + p. List the prime factors of s.
2, 23
Suppose 0 = 66*s - 59*s - 16485. List the prime factors of s.
3, 5, 157
Let n be -4 + 6*(4 + -3). Suppose 4*g + n*s - 48 = 0, -3*g - 2*s + 23 = -12. List the prime factors of g.
13
Suppose -5*s + 3 = -4*s. Suppose -s*j + 3*o = 8*o - 57, -3*j + 5*o + 57 = 0. What are the prime factors of j?
19
Let m(v) = 3*v - 23. Let h(p) = -3*p + 24. Let r(n) = -2*h(n) - 3*m(n). List the prime factors of r(-17).
2, 3
Let w(r) = r**3 + 4*r**2 - 2*r + 15. Let t(x) = -2*x**3 - 9*x**2 + 5*x - 30. Let d(v) = -4*t(v) - 7*w(v). What are the prime factors of d(-8)?
3, 7
List the prime factors of 2/8 + (-3)/(-4) - -1292.
3, 431
Let l = 17 + -17. Suppose l*f - 2 = 2*f, -3*t + f = -10. Suppose 5*w - 182 = -3*g, t*g = -2*w - 2*w + 184. What are the prime factors of g?
2
Let y(f) = f**2 - 16*f - 13. Suppose 0 = k + k - 34. List the prime factors of y(k).
2
Suppose 2*g + 0*t - 3*t = 1016, 490 = g + 3*t. What are the prime factors of g?
2, 251
List the prime factors of (6/(-18))/((-8)/5832).
3
Let r = 505 + -347. What are the prime factors of r?
2, 79
Let o = 4034 + -1164. List the prime factors of o.
2, 5, 7, 41
Let f = -693 + 1370. List the prime factors of f.
677
Let t(m) be the second derivative of -m**4/12 + 19*m**3/6 + 7*m**2 + 40*m. List the prime factors of t(17).
2, 3
Suppose -9*d + 4*d = 25. Let j(m) = -4*m - 5. Let t be j(d). Suppose 2*l - 7 = t. What are the prime factors of l?
11
Let n(x) = x**3 - 4*x**2 - 23*x + 25. Let u be n(8). Suppose 94*c = u*c - 483. List the prime factors of c.
7, 23
Let z(q) = 25*q**3 + 1 - 2 - q**3. Let f be z(1). Suppose -2*b + 13 = -5*i, 3*b - 14 = 4*i + f. What are the prime factors of b?
19
Suppose 3*d = d + 140. Let x = -210 + 217. Suppose 5 = -x*v + 2*v, -d = -k - 5*v. What are the prime factors of k?
3, 5
Let i(j) = 7*j**2 + j + 12. Let b(x) = 8*x**2 + x + 13. Let r(m) = -4*b(m) + 5*i(m). Let s(n) be the first derivative of r(n). List the prime factors of s(5).
31
Let q(d) = -196*d - 638. What are the prime factors of q(-9)?
2, 563
Let t be (-3)/6*(4 + -4)/6. Suppose t*n - n + 285 = 2*f, 2*f + 871 = 3*n. What are the prime factors of n?
17
Let g(q) = q**2 - q + 6. Let u be g(2). Let b = 6 + -1. Suppose b*c - u*c + 21 = 0. What are the prime factors of c?
7
Let n = 6208 + -2616. What are the prime factors of n?
2, 449
Suppose 9*d - 14*d = 225. Suppose -m + a + 79 = 0, 3*m + 0*a - 239 = a. Let y = m + d. List the prime factors of y.
5, 7
Suppose -945 = 15*s - 3150. List the prime factors of s.
3, 7
Let z = -158 - -259. Let o = -72 + z. List the prime factors of o.
29
Let f = 87 + -66. Suppose 35 = 5*m + 4*t, 2*m - 5*m + 3*t = -f. List the prime factors of m.
7
Let j = 12 - 7. Suppose 0 = -u + 3*z + 14, u = -0*z + 5*z + 22. Suppose 9*b - u*t = 4*b + 58, t - 61 = -j*b. List the prime factors of b.
2, 3
Let t = -767 + 1846. List the prime factors of t.
13, 83
Let f = -661 - -1315. List the prime factors of f.
2, 3, 109
Suppose 0 = 4*i - 3*z - 5971, -z + 5*z = 4*i - 5968. List the prime factors of i.
5, 13, 23
Let d(g) be the first derivative of -g**3/3 + 8*g**2 - 15*g + 50. Suppose 5*v - 4*m - 58 = 0, 5*m + 12 = 3*v - 15. List the prime factors of d(v).
13
Suppose 13 = 3*v - 4*v - m, -2*v = 5*m + 41. Let r = v - -13. Suppose 0 = d + 5*l - 14, -r*l = -2*d - 3*l + 40. What are the prime factors of d?
19
Let q be ((-4)/6)/(-4 - (-11)/3). Suppose 5*v + 3*f - 176 = 0, -q*f = -5*v + 6*v - 38. What are the prime factors of v?
2, 17
Let s = -99 - -1197. What are the prime factors of s?
2, 3, 61
Let t = 0 - -24. Let c = 35 - t. List the prime factors of c.
11
Let c(y) = -15*y. Let w = -3 + 0. Let b be c(w). Suppose 5*j - 10 - b = 0. What are the prime factors of j?
11
Let o(v) = -2*v - 39. Let z(b) = -2*b - 40. Let i(y) = -5*o(y) + 4*z(y). List the prime factors of i(-15).
5
Let q(s) = 4*s**3 - 8*s**2 + 7*s + 9. List the prime factors of q(5).
2, 43
Let j = 635 + -500. What are the prime factors of j?
3, 5
Let r(c) = -6*c - 125. List the prime factors of r(-25).
5
Suppose -v - 1144 = -m - 2*v, m - 4*v - 1154 = 0. List the prime factors of m.
2, 3, 191
Let m = 132 - -214. Let j = 592 - m. List the prime factors of j.
2, 3, 41
Let g = -442 + 798. List the prime factors of g.
2, 89
Suppose q - 8 = -5*u, -5*q - 5*u + 2 = -q. What are the prime factors of 518/5 + 48/20 + q?
2, 13
Let n(d) = d**2 - 9*d - 7. Let w be n(10). Let o be w/(-9) + (-16)/6. List the prime factors of (-22)/(-1) + o + 2.
3, 7
Suppose 3*z + 2*k = 1707 - 179, -4*k + 2044 = 4*z. List the prime factors of z.
2, 11, 23
Let u(c) = 12*c + 25 + 39 - 14. What are the prime fact